ple of 7?
False
Is 1860977611 a multiple of 18?
False
Is 560704536 a multiple of 5511?
False
Is 2922575910 a multiple of 5065?
True
Is 12568250 a multiple of 250?
True
Is 675785288 a multiple of 5?
False
Is 4826016347 a multiple of 37?
False
Is 3979 a factor of 108436396?
False
Does 146 divide 8072166?
False
Is 2230 a factor of 168520719?
False
Is 144752388 a multiple of 15?
False
Is 4420 a factor of 70322200?
True
Is 31 a factor of 42965442?
True
Is 6419700 a multiple of 12?
True
Is 183569691 a multiple of 484?
False
Does 7 divide 15088304?
True
Does 211 divide 7073986?
True
Is 4355 a factor of 102197997?
False
Is 15208402 a multiple of 1318?
True
Does 70 divide 177867620?
True
Does 14 divide 382498928?
True
Is 11 a factor of 327870851?
True
Does 31 divide 307883140?
False
Does 7 divide 392760892?
False
Is 1591 a factor of 1082288022?
False
Does 91 divide 1190108374?
True
Does 272 divide 5390496?
True
Is 10 a factor of 3068770?
True
Is 110 a factor of 2158310?
True
Is 14 a factor of 55976781?
False
Does 15 divide 244793655?
True
Is 20204275 a multiple of 1391?
True
Is 95885426 a multiple of 182?
True
Does 5612 divide 74095236?
True
Is 2685238504 a multiple of 189?
False
Is 95381 a multiple of 11?
True
Is 38132969 a multiple of 959?
False
Does 1546 divide 147768226?
True
Does 102 divide 4156277232?
True
Is 418559549 a multiple of 506?
False
Is 25266260 a multiple of 94?
True
Does 2885 divide 116969440?
True
Does 1794 divide 415269350?
False
Is 26839321 a multiple of 28?
False
Is 4490 a factor of 2042501000?
True
Is 62716959 a multiple of 1296?
False
Is 1869478 a multiple of 66?
False
Does 450 divide 66574800?
True
Is 673813676 a multiple of 4262?
True
Does 27 divide 876280883?
False
Does 31 divide 362788280?
False
Does 50 divide 77696028?
False
Is 415741004 a multiple of 4?
True
Does 1396 divide 5671948?
True
Is 6945599 a multiple of 1413?
False
Is 90768326 a multiple of 74?
True
Does 73 divide 25965005?
True
Is 2542873269 a multiple of 258?
False
Is 207383831 a multiple of 35?
False
Is 1082764536 a multiple of 14?
True
Is 410 a factor of 43627280?
True
Is 33307128 a multiple of 92?
True
Does 44 divide 881507880?
True
Does 81 divide 39050343?
True
Is 1266004298 a multiple of 5455?
False
Is 97 a factor of 15690041?
True
Is 22 a factor of 1283702999?
False
Does 6 divide 22671628?
False
Does 3002 divide 294433158?
True
Does 227 divide 767712865?
True
Does 545 divide 112500535?
True
Is 721 a factor of 86082192?
False
Does 397 divide 595006529?
True
Is 42644277 a multiple of 529?
True
Does 20 divide 909357990?
False
Is 5 a factor of 31711720?
True
Does 5394 divide 3173230866?
True
Does 1141 divide 554860313?
True
Is 57 a factor of 18582057?
True
Is 4541 a factor of 549338553?
False
Does 61 divide 5611435?
False
Is 222 a factor of 14251026?
False
Is 332911356 a multiple of 62?
True
Does 2173 divide 20152188?
False
Does 18 divide 25689656?
False
Is 115 a factor of 26634879?
False
Does 2856 divide 50874564?
False
Does 295 divide 50012235?
True
Is 391123980 a multiple of 243?
False
Is 512 a factor of 42414887?
False
Is 67 a factor of 166956429?
True
Is 130113964 a multiple of 1886?
False
Is 433 a factor of 1350437777?
False
Does 16 divide 4524542?
False
Is 47 a factor of 2017310265?
True
Is 27 a factor of 19562364?
True
Does 971 divide 3277558861?
False
Is 917352 a multiple of 12?
True
Is 65 a factor of 127445501?
False
Is 415 a factor of 24315265?
True
Does 42 divide 41468784?
True
Does 75 divide 234082331?
False
Does 35 divide 213120600?
True
Is 10 a factor of 76183729?
False
Does 126 divide 201104649?
False
Is 7535951 a multiple of 83?
False
Is 126202363 a multiple of 7?
True
Is 1470022960 a multiple of 28?
True
Is 5903524458 a multiple of 117?
True
Is 527033041 a multiple of 827?
True
Is 10 a factor of 1623680860?
True
Is 10667054 a multiple of 11?
False
Is 60 a factor of 1211781840?
True
Does 499 divide 10646030?
False
Is 60625692 a multiple of 1146?
True
Is 32345228 a multiple of 1833?
False
Is 1784309927 a multiple of 719?
False
Is 114471666 a multiple of 18?
True
Is 1394216221 a multiple of 248?
False
Is 113598987 a multiple of 2307?
True
Does 19 divide 52195652?
False
Is 25416540 a multiple of 90?
True
Does 219 divide 152752938?
True
Does 93 divide 24229941?
True
Is 1806713 a multiple of 5?
False
Does 58 divide 1520776994?
True
Is 277 a factor of 43312030?
False
Is 1908 a factor of 25483248?
True
Is 68 a factor of 459326332?
True
Is 73821448 a multiple of 11?
False
Is 564 a factor of 3726493?
False
Is 1207454268 a multiple of 2809?
True
Does 14 divide 5765632?
False
Is 1322 a factor of 28991460?
True
Is 30 a factor of 61429004?
False
Is 50264665 a multiple of 11?
True
Is 18 a factor of 213772829?
False
Does 7 divide 64748953?
False
Is 200982853 a multiple of 39?
False
Is 50159417 a multiple of 32?
False
Does 2154 divide 110470457?
False
Does 18 divide 75938457?
False
Does 43 divide 3247461867?
True
Is 223926752 a multiple of 383?
False
Is 12545208 a multiple of 18?
True
Is 8767853 a multiple of 26?
False
Is 3541788 a multiple of 34?
False
Is 3398053386 a multiple of 1659?
True
Is 58035308 a multiple of 118?
False
Is 1251796223 a multiple of 4?
False
Is 1960915 a multiple of 31?
False
Is 439 a factor of 1463870523?
True
Is 39 a factor of 96292324?
False
Is 67 a factor of 52358356?
True
Is 220460396 a multiple of 1846?
True
Is 40327984 a multiple of 1432?
True
Is 17 a factor of 53387701?
True
Is 275 a factor of 24095118?
False
Is 922 a factor of 1040554438?
False
Does 74 divide 24705196?
True
Is 94 a factor of 532138794?
True
Is 12898593 a multiple of 9?
True
Is 12 a factor of 69276432?
True
Is 392 a factor of 39536957?
False
Is 40 a factor of 17154200?
True
Does 23 divide 13418338?
True
Does 483 divide 1392369580?
False
Is 1075039 a multiple of 133?
True
Does 117 divide 362556909?
True
Does 36 divide 230664708?
True
Is 177048302 a multiple of 52?
False
Is 32 a factor of 10815520?
True
Does 117 divide 1332457191?
True
Is 175 a factor of 44062847?
False
Is 204094170 a multiple of 64?
False
Does 502 divide 50141768?
True
Does 104 divide 19071047?
False
Is 615855144 a multiple of 19?
False
Is 201 a factor of 91051593?
True
Does 1555 divide 67981958?
False
Does 349 divide 81711370?
True
Does 36 divide 913771350?
False
Is 117218849 a multiple of 217?
False
Is 598 a factor of 19283707?
False
Does 4885 divide 2588344057?
False
Is 372654756 a multiple of 30?
False
Is 38772683 a multiple of 9?
False
Does 176 divide 437228528?
True
Is 215 a factor of 59483620?
True
Is 1832939768 a multiple of 195?
False
Is 30095202 a multiple of 470?
False
Is 6 a factor of 417083579?
False
Is 55 a factor of 698300138?
False
Is 144 a factor of 2781891396?
False
Is 1504 a factor of 67186215?
False
Does 21 divide 50188866?
True
Does 197 divide 28054313?
False
Does 96 divide 190020274?
False
Is 568 a factor of 7500440?
True
Is 119 a factor of 416653188?
False
Does 3 divide 1035957?
True
Does 31 divide 366719348?
False
Does 22 divide 469060174?
True
Is 31744356 a multiple of 12?
True
Does 6176 divide 245582464?
True
Is 172 a factor of 194355012?
True
Does 5573 divide 5165390780?
True
Is 884474292 a multiple of 112?
False
Does 34 divide 25823748?
True
Is 3159985 a multiple of 2?
False
Is 28 a factor of 205721936?
True
Is 175 a factor of 978564825?
True
Does 201 divide 1117534048?
False
Does 3 divide 5042003?
False
Is 1571 a factor of 12822502?
True
Is 146996757 a multiple of 187?
False
Is 9290228 a multiple of 50?
False
Is 494324206 a multiple of 1336?
False
Does 16 divide 28287822?
False
Is 13255856 a multiple of 371?
False
Does 2759 divide 135091676?
True
Is 3213332763 a multiple of 57?
True
Is 127688118 a multiple of 3?
True
Is 60024374 a multiple of 78?
False
Is 42 a factor of 92578435?
False
Does 823 divide 102196455?
False
Is 529548310 a multiple of 83?
False
Is 2232192 a multiple of 96?
True
Is 36040573 a multiple of 97?
False
Is 15489180 a multiple of 7?
True
Is 353 a factor of 779124366?
False
Does 1762 divide 351464378?
True
Does 3 divide 958859605?
False
Is 23 a factor of 176379571?
True
Is 39 a factor of 21876316?
False
Is 4 a factor of 2703940?
True
Is 192366764 a multiple of 954?
False
Is 3306987258 a multiple of 1164?
False
Is 88 a factor of 583789888?
True
